{"id":78,"date":"2023-02-02T02:54:48","date_gmt":"2023-02-02T01:54:48","guid":{"rendered":"http:\/\/toutuncinemer.fr\/?page_id=78"},"modified":"2024-01-19T15:54:31","modified_gmt":"2024-01-19T14:54:31","slug":"suite-clint-eastwood","status":"publish","type":"page","link":"https:\/\/toutuncinemer.fr\/?page_id=78","title":{"rendered":"Suite Clint Eastwood"},"content":{"rendered":"\t\t<div data-elementor-type=\"wp-page\" data-elementor-id=\"78\" class=\"elementor elementor-78\">\n\t\t\t\t\t\t<section class=\"elementor-section elementor-top-section elementor-element elementor-element-305ace34 elementor-section-boxed elementor-section-height-default elementor-section-height-default\" data-id=\"305ace34\" data-element_type=\"section\">\n\t\t\t\t\t\t<div class=\"elementor-container elementor-column-gap-default\">\n\t\t\t\t\t<div class=\"elementor-column elementor-col-100 elementor-top-column elementor-element elementor-element-57271c88\" data-id=\"57271c88\" data-element_type=\"column\">\n\t\t\t<div class=\"elementor-widget-wrap elementor-element-populated\">\n\t\t\t\t\t\t<div class=\"elementor-element elementor-element-6e0e6d54 elementor-widget elementor-widget-text-editor\" data-id=\"6e0e6d54\" data-element_type=\"widget\" data-widget_type=\"text-editor.default\">\n\t\t\t\t<div class=\"elementor-widget-container\">\n\t\t\t\t\t\t\t<!-- wp:paragraph -->\n<p>Venez d\u00e9couvrir au creux de  27 m2 l\u2019univers doux et sensible de ce r\u00e9alisateur<br>r\u00e9solument empathique.<br>Cherchez ces petits d\u00e9tails dans notre d\u00e9coration, clins d\u2019\u0153il \u00e0 ses films \u2026<br>Dans la biblioth\u00e8que, \u00e0 votre disposition, livres et films consacr\u00e9s \u00e0 son cin\u00e9ma<br>et \u00e0 ses actrices\/acteurs.<br>Enfin, sur votre petite terrasse privative, osez prendre place dans le fauteuil de<br>votre choix&nbsp;: Meryl (Streep) ou Tom (Hanks) et faites-vous tout un cin\u00e9 \u2026 mer \u2026<\/p>\n<!-- \/wp:paragraph -->\n\n<!-- wp:paragraph -->\n<p>COTE CHAMBRE<br>Lit Kingsize 160 x 200<br>Petit coin salon&nbsp;: 2 fauteuils autour d\u2019une table basse<br>Coiffeuse<br>D\u00e9pose bagages<br>Double placard penderie<\/p>\n<!-- \/wp:paragraph -->\n\n<!-- wp:paragraph -->\n<p>COTE SALLE DE BAIN<br>Linge de toilette fourni&nbsp;:<br>2 draps de bain<br>2 draps de douche<br>2 gants de toilette<br>1 tapis de bain<br>Gel mains, corps et cheveux Bio<\/p>\n<!-- \/wp:paragraph -->\n\n<!-- wp:paragraph -->\n<p>COTE TERRASSE<br>1 table basse et ses 2 fauteuils<\/p>\n<!-- \/wp:paragraph -->\n\n<!-- wp:paragraph -->\n<p>LES PETITS PLUS<br>2 serviettes de couleur pour l\u2019usage de la piscine<br>1 sac de plage contenant 2 rabanes<\/p>\n<!-- \/wp:paragraph -->\n\n<!-- wp:paragraph -->\n<p>T\u00e9l\u00e9vision et lecteur dvd<\/p>\n<!-- \/wp:paragraph -->\n\n<!-- wp:gallery {\"linkTo\":\"none\"} -->\n<figure class=\"wp-block-gallery has-nested-images columns-default is-cropped\"><!-- wp:image {\"id\":189,\"sizeSlug\":\"large\",\"linkDestination\":\"none\"} -->\n<figure class=\"wp-block-image size-large\"><img fetchpriority=\"high\" decoding=\"async\" width=\"1024\" height=\"768\" src=\"https:\/\/toutuncinemer.fr\/wp-content\/uploads\/2023\/08\/20230805_113705-1024x768.jpg\" alt=\"\" class=\"wp-image-189\" srcset=\"https:\/\/toutuncinemer.fr\/wp-content\/uploads\/2023\/08\/20230805_113705-1024x768.jpg 1024w, https:\/\/toutuncinemer.fr\/wp-content\/uploads\/2023\/08\/20230805_113705-300x225.jpg 300w, https:\/\/toutuncinemer.fr\/wp-content\/uploads\/2023\/08\/20230805_113705-768x576.jpg 768w, https:\/\/toutuncinemer.fr\/wp-content\/uploads\/2023\/08\/20230805_113705-1536x1152.jpg 1536w, https:\/\/toutuncinemer.fr\/wp-content\/uploads\/2023\/08\/20230805_113705-2048x1536.jpg 2048w\" sizes=\"(max-width: 706px) 89vw, (max-width: 767px) 82vw, 740px\" \/><\/figure>\n<!-- \/wp:image -->\n\n<!-- wp:image {\"id\":188,\"sizeSlug\":\"large\",\"linkDestination\":\"none\"} -->\n<figure class=\"wp-block-image size-large\"><img decoding=\"async\" width=\"768\" height=\"1024\" src=\"https:\/\/toutuncinemer.fr\/wp-content\/uploads\/2023\/08\/20230805_113121-768x1024.jpg\" alt=\"\" class=\"wp-image-188\" srcset=\"https:\/\/toutuncinemer.fr\/wp-content\/uploads\/2023\/08\/20230805_113121-768x1024.jpg 768w, https:\/\/toutuncinemer.fr\/wp-content\/uploads\/2023\/08\/20230805_113121-225x300.jpg 225w, https:\/\/toutuncinemer.fr\/wp-content\/uploads\/2023\/08\/20230805_113121-1152x1536.jpg 1152w, https:\/\/toutuncinemer.fr\/wp-content\/uploads\/2023\/08\/20230805_113121-1536x2048.jpg 1536w, https:\/\/toutuncinemer.fr\/wp-content\/uploads\/2023\/08\/20230805_113121-scaled.jpg 1920w\" sizes=\"(max-width: 706px) 89vw, (max-width: 767px) 82vw, 740px\" \/><\/figure>\n<!-- \/wp:image -->\n\n<!-- wp:image {\"id\":190,\"sizeSlug\":\"large\",\"linkDestination\":\"none\"} -->\n<figure class=\"wp-block-image size-large\"><img decoding=\"async\" width=\"1024\" height=\"768\" src=\"https:\/\/toutuncinemer.fr\/wp-content\/uploads\/2023\/08\/20230805_113727-1024x768.jpg\" alt=\"\" class=\"wp-image-190\" srcset=\"https:\/\/toutuncinemer.fr\/wp-content\/uploads\/2023\/08\/20230805_113727-1024x768.jpg 1024w, https:\/\/toutuncinemer.fr\/wp-content\/uploads\/2023\/08\/20230805_113727-300x225.jpg 300w, https:\/\/toutuncinemer.fr\/wp-content\/uploads\/2023\/08\/20230805_113727-768x576.jpg 768w, https:\/\/toutuncinemer.fr\/wp-content\/uploads\/2023\/08\/20230805_113727-1536x1152.jpg 1536w, https:\/\/toutuncinemer.fr\/wp-content\/uploads\/2023\/08\/20230805_113727-2048x1536.jpg 2048w\" sizes=\"(max-width: 706px) 89vw, (max-width: 767px) 82vw, 740px\" \/><\/figure>\n<!-- \/wp:image -->\n\n<!-- wp:image {\"id\":191,\"sizeSlug\":\"large\",\"linkDestination\":\"none\"} -->\n<figure class=\"wp-block-image size-large\"><img loading=\"lazy\" decoding=\"async\" width=\"1024\" height=\"768\" src=\"https:\/\/toutuncinemer.fr\/wp-content\/uploads\/2023\/08\/20230805_113750-1024x768.jpg\" alt=\"\" class=\"wp-image-191\" srcset=\"https:\/\/toutuncinemer.fr\/wp-content\/uploads\/2023\/08\/20230805_113750-1024x768.jpg 1024w, https:\/\/toutuncinemer.fr\/wp-content\/uploads\/2023\/08\/20230805_113750-300x225.jpg 300w, https:\/\/toutuncinemer.fr\/wp-content\/uploads\/2023\/08\/20230805_113750-768x576.jpg 768w, https:\/\/toutuncinemer.fr\/wp-content\/uploads\/2023\/08\/20230805_113750-1536x1152.jpg 1536w, https:\/\/toutuncinemer.fr\/wp-content\/uploads\/2023\/08\/20230805_113750-2048x1536.jpg 2048w\" sizes=\"(max-width: 706px) 89vw, (max-width: 767px) 82vw, 740px\" \/><\/figure>\n<!-- \/wp:image -->\n\n<!-- wp:image {\"id\":192,\"sizeSlug\":\"large\",\"linkDestination\":\"none\"} -->\n<figure class=\"wp-block-image size-large\"><img loading=\"lazy\" decoding=\"async\" width=\"1024\" height=\"768\" src=\"https:\/\/toutuncinemer.fr\/wp-content\/uploads\/2023\/08\/20230803_110604-1024x768.png\" alt=\"\" class=\"wp-image-192\" srcset=\"https:\/\/toutuncinemer.fr\/wp-content\/uploads\/2023\/08\/20230803_110604-1024x768.png 1024w, https:\/\/toutuncinemer.fr\/wp-content\/uploads\/2023\/08\/20230803_110604-300x225.png 300w, https:\/\/toutuncinemer.fr\/wp-content\/uploads\/2023\/08\/20230803_110604-768x576.png 768w, https:\/\/toutuncinemer.fr\/wp-content\/uploads\/2023\/08\/20230803_110604.png 1280w\" sizes=\"(max-width: 706px) 89vw, (max-width: 767px) 82vw, 740px\" \/><\/figure>\n<!-- \/wp:image -->\n\n<!-- wp:image {\"id\":193,\"sizeSlug\":\"large\",\"linkDestination\":\"none\"} -->\n<figure class=\"wp-block-image size-large\"><img loading=\"lazy\" decoding=\"async\" width=\"1024\" height=\"768\" src=\"https:\/\/toutuncinemer.fr\/wp-content\/uploads\/2023\/08\/20230803_110713-1024x768.png\" alt=\"\" class=\"wp-image-193\" srcset=\"https:\/\/toutuncinemer.fr\/wp-content\/uploads\/2023\/08\/20230803_110713-1024x768.png 1024w, https:\/\/toutuncinemer.fr\/wp-content\/uploads\/2023\/08\/20230803_110713-300x225.png 300w, https:\/\/toutuncinemer.fr\/wp-content\/uploads\/2023\/08\/20230803_110713-768x576.png 768w, https:\/\/toutuncinemer.fr\/wp-content\/uploads\/2023\/08\/20230803_110713.png 1280w\" sizes=\"(max-width: 706px) 89vw, (max-width: 767px) 82vw, 740px\" \/><\/figure>\n<!-- \/wp:image --><\/figure>\n<!-- \/wp:gallery -->\t\t\t\t\t\t<\/div>\n\t\t\t\t<\/div>\n\t\t\t\t\t<\/div>\n\t\t<\/div>\n\t\t\t\t\t<\/div>\n\t\t<\/section>\n\t\t\t\t<section class=\"elementor-section elementor-top-section elementor-element elementor-element-26d19f0 elementor-section-boxed elementor-section-height-default elementor-section-height-default\" data-id=\"26d19f0\" data-element_type=\"section\">\n\t\t\t\t\t\t<div class=\"elementor-container elementor-column-gap-default\">\n\t\t\t\t\t<div class=\"elementor-column elementor-col-100 elementor-top-column elementor-element elementor-element-98143c7\" data-id=\"98143c7\" data-element_type=\"column\">\n\t\t\t<div class=\"elementor-widget-wrap elementor-element-populated\">\n\t\t\t\t\t\t<div class=\"elementor-element elementor-element-0caa724 elementor-widget elementor-widget-video\" data-id=\"0caa724\" data-element_type=\"widget\" data-settings=\"{&quot;video_type&quot;:&quot;hosted&quot;,&quot;controls&quot;:&quot;yes&quot;}\" data-widget_type=\"video.default\">\n\t\t\t\t<div class=\"elementor-widget-container\">\n\t\t\t\t\t<div class=\"e-hosted-video elementor-wrapper elementor-open-inline\">\n\t\t\t\t\t<video class=\"elementor-video\" src=\"http:\/\/toutuncinemer.fr\/wp-content\/uploads\/2024\/01\/VID-20230830-WA0000.mp4\" controls=\"\" preload=\"metadata\" controlsList=\"nodownload\"><\/video>\n\t\t\t\t<\/div>\n\t\t\t\t<\/div>\n\t\t\t\t<\/div>\n\t\t\t\t\t<\/div>\n\t\t<\/div>\n\t\t\t\t\t<\/div>\n\t\t<\/section>\n\t\t\t\t<\/div>\n\t\t","protected":false},"excerpt":{"rendered":"<p>Venez d\u00e9couvrir au creux de 27 m2 l\u2019univers doux et sensible de ce r\u00e9alisateurr\u00e9solument empathique.Cherchez ces petits d\u00e9tails dans notre d\u00e9coration, clins d\u2019\u0153il \u00e0 ses films \u2026Dans la biblioth\u00e8que, \u00e0 votre disposition, livres et films consacr\u00e9s \u00e0 son cin\u00e9maet \u00e0 ses actrices\/acteurs.Enfin, sur votre petite terrasse privative, osez prendre place dans le fauteuil devotre choix&nbsp;: &hellip; <\/p>\n<p class=\"link-more\"><a href=\"https:\/\/toutuncinemer.fr\/?page_id=78\" class=\"more-link\">Continue reading<span class=\"screen-reader-text\"> &#8220;Suite Clint Eastwood&#8221;<\/span><\/a><\/p>\n","protected":false},"author":1,"featured_media":0,"parent":0,"menu_order":0,"comment_status":"closed","ping_status":"closed","template":"","meta":{"footnotes":""},"class_list":["post-78","page","type-page","status-publish","hentry"],"_links":{"self":[{"href":"https:\/\/toutuncinemer.fr\/index.php?rest_route=\/wp\/v2\/pages\/78","targetHints":{"allow":["GET"]}}],"collection":[{"href":"https:\/\/toutuncinemer.fr\/index.php?rest_route=\/wp\/v2\/pages"}],"about":[{"href":"https:\/\/toutuncinemer.fr\/index.php?rest_route=\/wp\/v2\/types\/page"}],"author":[{"embeddable":true,"href":"https:\/\/toutuncinemer.fr\/index.php?rest_route=\/wp\/v2\/users\/1"}],"replies":[{"embeddable":true,"href":"https:\/\/toutuncinemer.fr\/index.php?rest_route=%2Fwp%2Fv2%2Fcomments&post=78"}],"version-history":[{"count":9,"href":"https:\/\/toutuncinemer.fr\/index.php?rest_route=\/wp\/v2\/pages\/78\/revisions"}],"predecessor-version":[{"id":345,"href":"https:\/\/toutuncinemer.fr\/index.php?rest_route=\/wp\/v2\/pages\/78\/revisions\/345"}],"wp:attachment":[{"href":"https:\/\/toutuncinemer.fr\/index.php?rest_route=%2Fwp%2Fv2%2Fmedia&parent=78"}],"curies":[{"name":"wp","href":"https:\/\/api.w.org\/{rel}","templated":true}]}}