{"id":73,"date":"2023-02-02T02:49:15","date_gmt":"2023-02-02T01:49:15","guid":{"rendered":"http:\/\/toutuncinemer.fr\/?page_id=73"},"modified":"2023-08-24T21:44:34","modified_gmt":"2023-08-24T19:44:34","slug":"qui-nous-sommes","status":"publish","type":"page","link":"https:\/\/toutuncinemer.fr\/?page_id=73","title":{"rendered":"Qui sommes-nous ?"},"content":{"rendered":"\n<p><strong>Cendrine : <\/strong><\/p>\n\n\n<div class=\"wp-block-image\">\n<figure class=\"alignleft size-full\"><img fetchpriority=\"high\" decoding=\"async\" width=\"344\" height=\"343\" src=\"http:\/\/toutuncinemer.fr\/wp-content\/uploads\/2023\/08\/image-9.png\" alt=\"\" class=\"wp-image-263\" srcset=\"https:\/\/toutuncinemer.fr\/wp-content\/uploads\/2023\/08\/image-9.png 344w, https:\/\/toutuncinemer.fr\/wp-content\/uploads\/2023\/08\/image-9-300x300.png 300w, https:\/\/toutuncinemer.fr\/wp-content\/uploads\/2023\/08\/image-9-150x150.png 150w, https:\/\/toutuncinemer.fr\/wp-content\/uploads\/2023\/08\/image-9-100x100.png 100w\" sizes=\"(max-width: 344px) 100vw, 344px\" \/><\/figure>\n<\/div>\n\n\n<p class=\"has-text-align-left\">Toulousaine d&#8217;origine, j&#8217;ai v\u00e9cu \u00e9galement \u00e0 Paris puis \u00e0 Lille durant 15 ans o\u00f9 sont n\u00e9s mes<br>2 fils Lucas et Tom et ensuite \u00e0 Lyon durant 15 ans.<\/p>\n\n\n\n<p class=\"has-text-align-left\">J&#8217;ai \u00e9t\u00e9 attach\u00e9e de direction durant 25 ans, puis assistante de vie en lib\u00e9ral durant 9 ans.<\/p>\n\n\n\n<p class=\"has-text-align-left\">C&#8217;est \u00e0 Lyon que j&#8217;ai rencontr\u00e9 Jean-Michel et nous nous sommes mari\u00e9s le 17 avril 2021<br>dans le Tarn chez mon papa.<\/p>\n\n\n<div class=\"wp-block-image\">\n<figure class=\"alignright size-full is-resized\"><img decoding=\"async\" src=\"http:\/\/toutuncinemer.fr\/wp-content\/uploads\/2023\/08\/image-10.png\" alt=\"\" class=\"wp-image-264\" style=\"width:230px;height:223px\" width=\"230\" height=\"223\" srcset=\"https:\/\/toutuncinemer.fr\/wp-content\/uploads\/2023\/08\/image-10.png 343w, https:\/\/toutuncinemer.fr\/wp-content\/uploads\/2023\/08\/image-10-300x290.png 300w\" sizes=\"(max-width: 230px) 100vw, 230px\" \/><\/figure>\n<\/div>\n\n\n<p class=\"has-text-align-left\">Ce projet de cr\u00e9ation de chambres d&#8217;h\u00f4tes je l&#8217;ai dans la t\u00eate depuis l&#8217;\u00e2ge de 25 ans, ma<br>rencontre avec Jean-Michel m&#8217;a permis de le r\u00e9aliser.<\/p>\n\n\n\n<p class=\"has-text-align-left\">Deux passions m&#8217;ont \u00e9t\u00e9 transmises par mon p\u00e8re : l&#8217;amour de l&#8217;eau et celui du cin\u00e9ma. J&#8217;ai<br>la pr\u00e9tention de croire que ma m\u00e8re m&#8217;a transmis son amour de la famille et son sens de<br>l&#8217;accueil.<\/p>\n\n\n\n<p class=\"has-text-align-left\">De tout cela, de tous ceux-l\u00e0, a germ\u00e9 l&#8217;id\u00e9e de Toutuncinemer.<\/p>\n\n\n\n<p class=\"has-text-align-left\">Avec Jean-Michel, nous avons d\u00e9cid\u00e9 de cr\u00e9er notre maison d&#8217;h\u00f4tes \u00e0 Saleilles, donc au<br>bord de la mer mais aussi plus pr\u00e8s de nos familles, une autre valeur ch\u00e8re \u00e0 nos coeurs, et<br>nos deux suites sont d\u00e9di\u00e9es l&#8217;une \u00e0 Pedro Almodovar, la seconde \u00e0 Clint Eastwood.<\/p>\n\n\n\n<p class=\"has-text-align-left\">Je suis heureuse de vous accueillir dans mon univers.<\/p>\n\n\n\n<p class=\"has-text-align-left\"><strong>Jean-Michel<\/strong> :<\/p>\n\n\n<div class=\"wp-block-image\">\n<figure class=\"alignleft size-full\"><img decoding=\"async\" width=\"340\" height=\"338\" src=\"http:\/\/toutuncinemer.fr\/wp-content\/uploads\/2023\/08\/image-12.png\" alt=\"\" class=\"wp-image-276\" srcset=\"https:\/\/toutuncinemer.fr\/wp-content\/uploads\/2023\/08\/image-12.png 340w, https:\/\/toutuncinemer.fr\/wp-content\/uploads\/2023\/08\/image-12-300x298.png 300w, https:\/\/toutuncinemer.fr\/wp-content\/uploads\/2023\/08\/image-12-150x150.png 150w, https:\/\/toutuncinemer.fr\/wp-content\/uploads\/2023\/08\/image-12-100x100.png 100w\" sizes=\"(max-width: 340px) 100vw, 340px\" \/><\/figure>\n<\/div>\n\n\n<p><\/p>\n\n\n\n<p class=\"has-text-align-left\">Bourguignon d&#8217;origine (C\u00f4te d&#8217;or), j&#8217;ai v\u00e9cu \u00e0 Reims et Lyon durant ma carri\u00e8re de contr\u00f4leur<br>a\u00e9rien.<br>J&#8217;ai connu la r\u00e9gion des Pyr\u00e9n\u00e9es Orientales dans mon enfance par mes parents, qui ont<br>pris leurs premi\u00e8res vacances \u00e0 Latour bas Elne et y ont par la suite acquis une r\u00e9sidence.  <\/p>\n\n\n<div class=\"wp-block-image\">\n<figure class=\"alignright size-full is-resized\"><img loading=\"lazy\" decoding=\"async\" src=\"http:\/\/toutuncinemer.fr\/wp-content\/uploads\/2023\/08\/image-11.png\" alt=\"\" class=\"wp-image-265\" style=\"width:281px;height:281px\" width=\"281\" height=\"281\" srcset=\"https:\/\/toutuncinemer.fr\/wp-content\/uploads\/2023\/08\/image-11.png 340w, https:\/\/toutuncinemer.fr\/wp-content\/uploads\/2023\/08\/image-11-300x300.png 300w, https:\/\/toutuncinemer.fr\/wp-content\/uploads\/2023\/08\/image-11-150x150.png 150w, https:\/\/toutuncinemer.fr\/wp-content\/uploads\/2023\/08\/image-11-100x100.png 100w\" sizes=\"(max-width: 281px) 100vw, 281px\" \/><\/figure>\n<\/div>\n\n\n<p class=\"has-text-align-left\">   Je suis passionn\u00e9 par la musique, classique, jazz, rock etc.<\/p>\n\n\n\n<p class=\"has-text-align-left\"><br>Audiophiles \u2026 \u00e9changeons nos exp\u00e9riences. Je joue un peu de piano.<\/p>\n\n\n\n<p class=\"has-text-align-left\">Voil\u00e0, peut-\u00eatre me croiserez-vous lors de votre s\u00e9jour ici\u2026<\/p>\n\n\n\n<p class=\"has-text-align-left\">Bienvenue en tout cas !<\/p>\n\n\n\n<p><br><\/p>\n","protected":false},"excerpt":{"rendered":"<p>Cendrine : Toulousaine d&#8217;origine, j&#8217;ai v\u00e9cu \u00e9galement \u00e0 Paris puis \u00e0 Lille durant 15 ans o\u00f9 sont n\u00e9s mes2 fils Lucas et Tom et ensuite \u00e0 Lyon durant 15 ans. J&#8217;ai \u00e9t\u00e9 attach\u00e9e de direction durant 25 ans, puis assistante de vie en lib\u00e9ral durant 9 ans. C&#8217;est \u00e0 Lyon que j&#8217;ai rencontr\u00e9 Jean-Michel et &hellip; <\/p>\n<p class=\"link-more\"><a href=\"https:\/\/toutuncinemer.fr\/?page_id=73\" class=\"more-link\">Continue reading<span class=\"screen-reader-text\"> &#8220;Qui sommes-nous ?&#8221;<\/span><\/a><\/p>\n","protected":false},"author":1,"featured_media":0,"parent":0,"menu_order":0,"comment_status":"closed","ping_status":"closed","template":"","meta":{"footnotes":""},"class_list":["post-73","page","type-page","status-publish","hentry"],"_links":{"self":[{"href":"https:\/\/toutuncinemer.fr\/index.php?rest_route=\/wp\/v2\/pages\/73","targetHints":{"allow":["GET"]}}],"collection":[{"href":"https:\/\/toutuncinemer.fr\/index.php?rest_route=\/wp\/v2\/pages"}],"about":[{"href":"https:\/\/toutuncinemer.fr\/index.php?rest_route=\/wp\/v2\/types\/page"}],"author":[{"embeddable":true,"href":"https:\/\/toutuncinemer.fr\/index.php?rest_route=\/wp\/v2\/users\/1"}],"replies":[{"embeddable":true,"href":"https:\/\/toutuncinemer.fr\/index.php?rest_route=%2Fwp%2Fv2%2Fcomments&post=73"}],"version-history":[{"count":9,"href":"https:\/\/toutuncinemer.fr\/index.php?rest_route=\/wp\/v2\/pages\/73\/revisions"}],"predecessor-version":[{"id":291,"href":"https:\/\/toutuncinemer.fr\/index.php?rest_route=\/wp\/v2\/pages\/73\/revisions\/291"}],"wp:attachment":[{"href":"https:\/\/toutuncinemer.fr\/index.php?rest_route=%2Fwp%2Fv2%2Fmedia&parent=73"}],"curies":[{"name":"wp","href":"https:\/\/api.w.org\/{rel}","templated":true}]}}

<p><strong>Cendrine : </strong></p>


<div class="wp-block-image">
<figure class="alignleft size-full"><img fetchpriority="high" decoding="async" width="344" height="343" src="http://toutuncinemer.fr/wp-content/uploads/2023/08/image-9.png" alt="" class="wp-image-263" srcset="https://toutuncinemer.fr/wp-content/uploads/2023/08/image-9.png 344w, https://toutuncinemer.fr/wp-content/uploads/2023/08/image-9-300x300.png 300w, https://toutuncinemer.fr/wp-content/uploads/2023/08/image-9-150x150.png 150w, https://toutuncinemer.fr/wp-content/uploads/2023/08/image-9-100x100.png 100w" sizes="(max-width: 344px) 100vw, 344px" /></figure>
</div>


<p class="has-text-align-left">Toulousaine d&#8217;origine, j&#8217;ai vécu également à Paris puis à Lille durant 15 ans où sont nés mes<br>2 fils Lucas et Tom et ensuite à Lyon durant 15 ans.</p>



<p class="has-text-align-left">J&#8217;ai été attachée de direction durant 25 ans, puis assistante de vie en libéral durant 9 ans.</p>



<p class="has-text-align-left">C&#8217;est à Lyon que j&#8217;ai rencontré Jean-Michel et nous nous sommes mariés le 17 avril 2021<br>dans le Tarn chez mon papa.</p>


<div class="wp-block-image">
<figure class="alignright size-full is-resized"><img decoding="async" src="http://toutuncinemer.fr/wp-content/uploads/2023/08/image-10.png" alt="" class="wp-image-264" style="width:230px;height:223px" width="230" height="223" srcset="https://toutuncinemer.fr/wp-content/uploads/2023/08/image-10.png 343w, https://toutuncinemer.fr/wp-content/uploads/2023/08/image-10-300x290.png 300w" sizes="(max-width: 230px) 100vw, 230px" /></figure>
</div>


<p class="has-text-align-left">Ce projet de création de chambres d&#8217;hôtes je l&#8217;ai dans la tête depuis l&#8217;âge de 25 ans, ma<br>rencontre avec Jean-Michel m&#8217;a permis de le réaliser.</p>



<p class="has-text-align-left">Deux passions m&#8217;ont été transmises par mon père : l&#8217;amour de l&#8217;eau et celui du cinéma. J&#8217;ai<br>la prétention de croire que ma mère m&#8217;a transmis son amour de la famille et son sens de<br>l&#8217;accueil.</p>



<p class="has-text-align-left">De tout cela, de tous ceux-là, a germé l&#8217;idée de Toutuncinemer.</p>



<p class="has-text-align-left">Avec Jean-Michel, nous avons décidé de créer notre maison d&#8217;hôtes à Saleilles, donc au<br>bord de la mer mais aussi plus près de nos familles, une autre valeur chère à nos coeurs, et<br>nos deux suites sont dédiées l&#8217;une à Pedro Almodovar, la seconde à Clint Eastwood.</p>



<p class="has-text-align-left">Je suis heureuse de vous accueillir dans mon univers.</p>



<p class="has-text-align-left"><strong>Jean-Michel</strong> :</p>


<div class="wp-block-image">
<figure class="alignleft size-full"><img decoding="async" width="340" height="338" src="http://toutuncinemer.fr/wp-content/uploads/2023/08/image-12.png" alt="" class="wp-image-276" srcset="https://toutuncinemer.fr/wp-content/uploads/2023/08/image-12.png 340w, https://toutuncinemer.fr/wp-content/uploads/2023/08/image-12-300x298.png 300w, https://toutuncinemer.fr/wp-content/uploads/2023/08/image-12-150x150.png 150w, https://toutuncinemer.fr/wp-content/uploads/2023/08/image-12-100x100.png 100w" sizes="(max-width: 340px) 100vw, 340px" /></figure>
</div>


<p></p>



<p class="has-text-align-left">Bourguignon d&#8217;origine (Côte d&#8217;or), j&#8217;ai vécu à Reims et Lyon durant ma carrière de contrôleur<br>aérien.<br>J&#8217;ai connu la région des Pyrénées Orientales dans mon enfance par mes parents, qui ont<br>pris leurs premières vacances à Latour bas Elne et y ont par la suite acquis une résidence.  </p>


<div class="wp-block-image">
<figure class="alignright size-full is-resized"><img loading="lazy" decoding="async" src="http://toutuncinemer.fr/wp-content/uploads/2023/08/image-11.png" alt="" class="wp-image-265" style="width:281px;height:281px" width="281" height="281" srcset="https://toutuncinemer.fr/wp-content/uploads/2023/08/image-11.png 340w, https://toutuncinemer.fr/wp-content/uploads/2023/08/image-11-300x300.png 300w, https://toutuncinemer.fr/wp-content/uploads/2023/08/image-11-150x150.png 150w, https://toutuncinemer.fr/wp-content/uploads/2023/08/image-11-100x100.png 100w" sizes="(max-width: 281px) 100vw, 281px" /></figure>
</div>


<p class="has-text-align-left">   Je suis passionné par la musique, classique, jazz, rock etc.</p>



<p class="has-text-align-left"><br>Audiophiles … échangeons nos expériences. Je joue un peu de piano.</p>



<p class="has-text-align-left">Voilà, peut-être me croiserez-vous lors de votre séjour ici…</p>



<p class="has-text-align-left">Bienvenue en tout cas !</p>



<p><br></p>

<p>Cendrine : Toulousaine d&#8217;origine, j&#8217;ai vécu également à Paris puis à Lille durant 15 ans où sont nés mes2 fils Lucas et Tom et ensuite à Lyon durant 15 ans. J&#8217;ai été attachée de direction durant 25 ans, puis assistante de vie en libéral durant 9 ans. C&#8217;est à Lyon que j&#8217;ai rencontré Jean-Michel et &hellip; </p>
<p class="link-more"><a href="https://toutuncinemer.fr/?page_id=73" class="more-link">Continue reading<span class="screen-reader-text"> &#8220;Qui sommes-nous ?&#8221;</span></a></p>
