{"id":177,"date":"2023-08-12T10:07:05","date_gmt":"2023-08-12T08:07:05","guid":{"rendered":"https:\/\/toutuncinemer.fr\/?page_id=177"},"modified":"2023-08-12T10:07:05","modified_gmt":"2023-08-12T08:07:05","slug":"cote-piscine","status":"publish","type":"page","link":"https:\/\/toutuncinemer.fr\/?page_id=177","title":{"rendered":"C\u00f4t\u00e9 piscine"},"content":{"rendered":"\n<figure class=\"wp-block-image size-large\"><img fetchpriority=\"high\" decoding=\"async\" width=\"1024\" height=\"768\" src=\"https:\/\/toutuncinemer.fr\/wp-content\/uploads\/2023\/08\/20230805_102803-1024x768.png\" alt=\"\" class=\"wp-image-178\" srcset=\"https:\/\/toutuncinemer.fr\/wp-content\/uploads\/2023\/08\/20230805_102803-1024x768.png 1024w, https:\/\/toutuncinemer.fr\/wp-content\/uploads\/2023\/08\/20230805_102803-300x225.png 300w, https:\/\/toutuncinemer.fr\/wp-content\/uploads\/2023\/08\/20230805_102803-768x576.png 768w, https:\/\/toutuncinemer.fr\/wp-content\/uploads\/2023\/08\/20230805_102803.png 1280w\" sizes=\"(max-width: 706px) 89vw, (max-width: 767px) 82vw, 740px\" \/><\/figure>\n\n\n\n<p>Notre piscine ce sont 70 m2 \u00e0 votre disposition.<\/p>\n\n\n\n<p>Elle est ouverte de 10 h \u00e0 20 h (attention une alarme fonctionne en dehors de ces horaires).<\/p>\n\n\n\n<p>Vous avez pied sur les c\u00f4t\u00e9s et sur la descente des marches. Ensuite, elle fait 1,80 m de profondeur. Elle est donc r\u00e9serv\u00e9e aux nageurs.<\/p>\n\n\n\n<p>Soyez certains que nous prenons soin de la qualit\u00e9 de l&#8217;eau de baignade, que tous les matins nous balayons le fond de la piscine, que notre robot travaille tous les 2 jours et que la filtration fonctionne entre 12 et 15 h par jour.<\/p>\n\n\n\n<p>Vous disposez de 4 transats et de 2 tables basses que vous pouvez d\u00e9placer \u00e0 votre guise ainsi que d&#8217;un parasol si besoin.<\/p>\n\n\n\n<p>Merci de d\u00e9poser votre serviette de bain (fournie par nos soins) sur les matelas avant de vous allonger sur les transats.<\/p>\n","protected":false},"excerpt":{"rendered":"<p>Notre piscine ce sont 70 m2 \u00e0 votre disposition. Elle est ouverte de 10 h \u00e0 20 h (attention une alarme fonctionne en dehors de ces horaires). Vous avez pied sur les c\u00f4t\u00e9s et sur la descente des marches. Ensuite, elle fait 1,80 m de profondeur. Elle est donc r\u00e9serv\u00e9e aux nageurs. Soyez certains que &hellip; <\/p>\n<p class=\"link-more\"><a href=\"https:\/\/toutuncinemer.fr\/?page_id=177\" class=\"more-link\">Continue reading<span class=\"screen-reader-text\"> &#8220;C\u00f4t\u00e9 piscine&#8221;<\/span><\/a><\/p>\n","protected":false},"author":1,"featured_media":0,"parent":0,"menu_order":0,"comment_status":"closed","ping_status":"closed","template":"","meta":{"footnotes":""},"class_list":["post-177","page","type-page","status-publish","hentry"],"_links":{"self":[{"href":"https:\/\/toutuncinemer.fr\/index.php?rest_route=\/wp\/v2\/pages\/177","targetHints":{"allow":["GET"]}}],"collection":[{"href":"https:\/\/toutuncinemer.fr\/index.php?rest_route=\/wp\/v2\/pages"}],"about":[{"href":"https:\/\/toutuncinemer.fr\/index.php?rest_route=\/wp\/v2\/types\/page"}],"author":[{"embeddable":true,"href":"https:\/\/toutuncinemer.fr\/index.php?rest_route=\/wp\/v2\/users\/1"}],"replies":[{"embeddable":true,"href":"https:\/\/toutuncinemer.fr\/index.php?rest_route=%2Fwp%2Fv2%2Fcomments&post=177"}],"version-history":[{"count":1,"href":"https:\/\/toutuncinemer.fr\/index.php?rest_route=\/wp\/v2\/pages\/177\/revisions"}],"predecessor-version":[{"id":179,"href":"https:\/\/toutuncinemer.fr\/index.php?rest_route=\/wp\/v2\/pages\/177\/revisions\/179"}],"wp:attachment":[{"href":"https:\/\/toutuncinemer.fr\/index.php?rest_route=%2Fwp%2Fv2%2Fmedia&parent=177"}],"curies":[{"name":"wp","href":"https:\/\/api.w.org\/{rel}","templated":true}]}}